ommon factor of l and 17?
17
Let f be (-4)/(-2) - 6/((-36)/42). Suppose -l = -3*y + 1, -2*l - 7*y + f*y + 10 = 0. Calculate the greatest common factor of l and 1.
1
Suppose -25 = l - 3. Let y be (-1)/(-2)*-7*l. Let p = 487 - 480. What is the greatest common factor of p and y?
7
Let p = 176 + 33. Calculate the greatest common divisor of 19 and p.
19
Let c(b) = -b**3 - 5*b**2 - 12*b - 1. Let p(y) = y**2 + 6*y - 3. Let d be p(-6). Let x be c(d). What is the greatest common divisor of x and 1?
1
Suppose 3*a - 11 + 75 = 2*d, 3*d - 2*a = 86. What is the highest common divisor of d and 4498?
26
Let k(f) = -82*f**2 - 2. Let l(m) = 123*m**2 + 3. Let r(d) = 7*k(d) + 5*l(d). Let b be r(1). What is the greatest common divisor of b and 378?
42
Let a(n) = 39*n + 696. Let c be a(-16). Calculate the greatest common divisor of c and 984.
24
Suppose -11*s - 3*s - 406 = 0. Let l = s - -161. What is the greatest common divisor of 33 and l?
33
Let d(o) = o - 5. Let f be d(-2). Let g(r) = 2*r**2 + 7*r - 9. Let b be g(f). What is the greatest common divisor of b and 16?
8
Suppose -54 = 3*i + 2*j + j, 5*i = -3*j - 86. Let b = i - -35. Let r = b + -16. What is the highest common divisor of r and 15?
3
Let f = 4 + 0. Let z = 64 - -8. Suppose 26*l - 23*l - z = 0. What is the highest common divisor of l and f?
4
Suppose l + 2*p - 17 = -3*p, p + 5 = 4*l. Let h be 4/14 + (-340)/(-35). Suppose -l*o + 3*o - h = 0. What is the highest common divisor of o and 90?
10
Let d = 6 + 16. Suppose 0 = 2*x - 5 - 1. Suppose -4*y = -x*y - d. What is the highest common divisor of y and 2?
2
Let f = 2047 + -641. What is the greatest common divisor of 38 and f?
38
Suppose -5*m = -4*j + 8*j - 38, 4*j = -3*m + 42. Suppose 10*v = 7*v + 18. What is the greatest common factor of j and v?
6
Let s = -327 + 365. Calculate the greatest common factor of s and 4.
2
Suppose 3*j = -2*x + 105, 5*x - 307 = 5*j - 32. What is the greatest common factor of 6 and x?
6
Let m(f) be the first derivative of -f**3/3 + 5*f**2 + 6*f - 2. Let x be m(10). Calculate the greatest common divisor of 42 and x.
6
Let s(y) = 15*y - 5. Let t be s(5). Suppose -q - 5*w = -3*q + 35, q - w = 13. What is the highest common factor of t and q?
10
Suppose 0 = 6*t - 3 - 9. Suppose -2*a = -6*a + 12. Suppose -2*q - 1 = -a*q. What is the highest common divisor of t and q?
1
Suppose 171 = 8*p - 293. Suppose -v = 4*g - 19 - 5, -3*v - 5*g = -p. Calculate the highest common factor of 2 and v.
2
Let s = -447 + 727. What is the highest common factor of 56 and s?
56
Suppose 306 = 5*x - b, -2*b + 0*b + 194 = 3*x. Let z = x - 55. Calculate the greatest common factor of 1 and z.
1
Suppose -4*t - 23*t + 108 = 0. Let o(z) = z**2 - 5*z + 1. Let h be o(5). What is the highest common divisor of t and h?
1
Suppose -c - 3*k - 2 = 0, 2 = 5*c - 4*c - k. Let q = c + 27. Calculate the highest common factor of q and 140.
28
Let x(g) = -g + 15. Let w be x(0). Let l be (-43)/(-5) - 9/w. What is the highest common divisor of l and 1?
1
Let x = 58 + -35. Suppose -27*c + x*c - 12 = 0. Let g(n) = -n**2 - 5*n - 2. Let b be g(c). What is the highest common divisor of 4 and b?
4
Let z(l) = 4*l + 7. Let j be z(4). Suppose j*x = 17*x + 624. Calculate the greatest common factor of 13 and x.
13
Let i = -1457 - -1657. What is the greatest common divisor of 850 and i?
50
Let s = -185 + 236. Calculate the highest common divisor of s and 34.
17
Suppose -4*c + 4 = -2*c - 2*z, 3*z - 9 = -2*c. Suppose 0 = 2*y + c*y - 360. Suppose 2098*k - 2095*k - 54 = 0. Calculate the highest common factor of k and y.
18
Suppose 3*v - 418 = -2*n, 3*n - 2*v = -0*v + 640. Suppose 265 = 5*w - z - 2*z, -2*w = -4*z - 106. Calculate the highest common divisor of n and w.
53
Suppose 4*n - 5*b = 5, -2*b - 2 = n - 3*n. Let p(t) = 4*t + 44. Let a be p(n). Calculate the greatest common divisor of a and 11.
11
Suppose 6480 = 72*k - 42*k. What is the greatest common factor of 54 and k?
54
Let n(k) = -23*k**2 + 7*k + 9. Let u be n(-2). Let x = u - -115. Calculate the greatest common factor of x and 54.
18
Suppose 18 - 6 = 4*q. Let p be 9/(-6)*28/(-6)*-3. Let v be (-3)/12 - (p/4 - 4). Calculate the greatest common factor of q and v.
3
Suppose 5*b - 24 = -2*k, 5*b - b = -k + 9. Let q(s) = -s. Let y be q(-1). Let g be -187*y/(-2 + 1). Calculate the highest common divisor of k and g.
17
Let h(c) = -c**3 - 3 + 3*c**3 - c**3 - 6*c + 2*c**2. Let w be h(3). Let g be -2*2*3*-1. What is the highest common factor of w and g?
12
Suppose -7*c + 1420 = 13*c. Calculate the greatest common divisor of c and 1136.
71
Let o(z) = 25*z - 5. Let a(m) = 8*m + 1. Let r be a(1). Let g be o(r). Let l be (0 + 2/(-4))*-6 + 17. Calculate the greatest common factor of g and l.
20
Suppose 4*r = 3*q - 130, 4*r + 0*r - 38 = -q. Calculate the greatest common factor of 84 and q.
42
Let p(q) = 2*q**2 + 6*q + 15. Let h be p(-6). Suppose 3*f - h = -0*f. What is the highest common factor of f and 187?
17
Suppose 2*z + 26 = 2*u, -3*u + z + 23 = 2*z. Let v(x) = 0 + 61*x**2 + 0*x + 1 - 16*x**2 + x. Let l be v(-1). Calculate the highest common divisor of l and u.
9
Let i be (120/50)/((-3)/(-1965)). Calculate the highest common factor of 12 and i.
12
Let u = -96 - -100. Calculate the highest common factor of u and 4.
4
Let v(c) = -2*c**3 - c**2 + 4*c + 1. Let k be 1/(5/(-2) + 2). Let u be v(k). What is the greatest common divisor of 2 and u?
1
Suppose 2*d + 37 = -3*z, -3*z = 3*d + 48 - 6. Let a be (-1 + -5)/(z/6). Let q be ((-4)/(-6)*-4)/(18/(-54)). What is the highest common divisor of a and q?
4
Suppose -3*w = -v + 2*v - 36, -2*w = 2*v - 68. Suppose -4*y + v = 13. Suppose -l - 80 = -y*l. Calculate the greatest common factor of l and 10.
10
Let z(s) be the first derivative of 18*s**2 + 4*s - 13. Let n be z(1). Calculate the highest common factor of 5 and n.
5
Let x = 35 + 169. Suppose 12*l = -5*l + x. Calculate the greatest common divisor of l and 60.
12
Suppose i + 12 = -44. Let c be 16/i - 158/(-14). Let x be 695/9 + (-20)/90. What is the greatest common divisor of c and x?
11
Let c be (12/(-8))/((-6)/136). Let b = -81 - -148. Let a = 152 - b. What is the highest common factor of c and a?
17
Suppose -6*v + 70 = 58. Let j = 0 + 6. Calculate the highest common factor of j and v.
2
Let n be (-9 - -3) + 24 + (4 - -1). What is the greatest common factor of 69 and n?
23
Let y be -8*(0 + 2/(-4))/1. Suppose y*t + 1240 = 9*t. Calculate the highest common divisor of t and 31.
31
Suppose -3*h = -2*h - 35. Let r be (-2)/(-7) - (-1215)/h. What is the greatest common factor of r and 5?
5
Suppose 0 = 4*f + 3*f + 16*f - 1173. Suppose -3 - 1 = -a, -5*a = -3*c + 82. What is the highest common divisor of c and f?
17
Let z be 2/4 + 559/(-26). Let x(m) = -m**3 - 22*m**2 - 22*m + 34. Let u be x(z). What is the greatest common divisor of u and 5?
5
Let g(a) = -a**2 - 10*a - 11. Let o be g(-8). Let n be (-1)/(-2 + o/3). Suppose 1485 = n*x + 2*x. What is the greatest common factor of x and 27?
27
Let w = 99 + -9. Calculate the highest common divisor of 306 and w.
18
Let u be -1 - 0*(-1)/3 - -83. Suppose 4*j + 0*o = 3*o + 166, -2*j + 2*o = -u. Calculate the highest common divisor of j and 344.
43
Let s(c) = -74*c - 44. Let v be s(-6). What is the greatest common divisor of 16 and v?
16
Let r(q) = -q - 30. Let i be r(-38). Calculate the highest common factor of 664 and i.
8
Let d = -23 + 25. Let y be 48/(-3 + 4) + d. Let c = y + -35. What is the greatest common divisor of c and 105?
15
Let k be (-4)/14 + 37/7. Suppose 0*x = m - 2*x, 5*m - k*x = 0. Suppose m = -3*n - n + 8. Calculate the highest common divisor of 8 and n.
2
Let c(k) = 2*k + 11. Let z be c(0). Let h be ((-1)/2)/(1/(-2)). Let g = z + h. What is the highest common factor of g and 36?
12
Let c(t) be the second derivative of t**4/12 + 11*t**3/6 + 21*t**2/2 + 3*t. Let s be c(-9). What is the highest common divisor of s and 12?
3
Let y(t) = 3*t + 1. Let r be y(5). Suppose -4*j + 312 = 4*o, 0*o = -o - 2. What is the highest common divisor of r and j?
16
Suppose 5*l + 297 = 4*i, -5*i + 3*l - 6*l = -325. Calculate the greatest common divisor of 374 and i.
34
Suppose 3*y - 4*f - 712 = 0, 5*f - 718 = -3*y + 6*f. What is the greatest common factor of y and 135?
15
Let c = 214 - 16. Calculate the greatest common divis